pose 17*a = 16*a + 1368. Suppose -17*m = -5*m - a. What are the prime factors of m?
2, 3, 19
Let l(m) = 3*m**2 - 4*m - 7. What are the prime factors of l(-5)?
2, 11
Suppose -7*f + 4*f + 1822 = j, 4*f - 2444 = -5*j. Suppose -2287 = -11*p + f. List the prime factors of p.
263
Let i be 20/6 - (-1)/(-3). Suppose -25*c = -28*c + 21. Let f = i + c. What are the prime factors of f?
2, 5
Suppose -75 = -3*c - 2*s + 127, -5*c + 338 = 2*s. List the prime factors of c.
2, 17
Let q(n) = 3*n**2 - 1. Suppose -u = -2 + 3. Let c be q(u). Let r(k) = -k**3 + 6*k**2 - 2*k - 1. List the prime factors of r(c).
11
Let n(r) = -1895*r - 54. What are the prime factors of n(-1)?
7, 263
Let v(i) = i**2 - 4*i + 8. Let b be v(3). Suppose -b*p = -g + 84, -2*p + 447 = -g + 6*g. What are the prime factors of g?
89
Let m(j) = -j**2 + 15*j - 2. Let q be m(12). Let a = q + -15. List the prime factors of a.
19
Suppose 4*k - 191 = -2*o - 61, -k = 5*o - 280. Let x = o - 0. List the prime factors of x.
5, 11
Let d(v) = -v**3 - 29*v**2 + 37*v - 31. List the prime factors of d(-31).
2, 3, 31
Let l = 31 + -32. Let a be (6 + -3 + 4)/l. Let o(u) = -u**3 - 8*u**2 - 11*u + 1. List the prime factors of o(a).
29
Let c(r) = -r - 2. Let l(z) = -z**2 - 4*z. Let q be l(-5). Let h be c(q). Suppose 11 = h*o - 34. What are the prime factors of o?
3, 5
Suppose 0 = -9*o + 14824 - 910. Suppose -412 = 7*n - o. What are the prime factors of n?
2, 3
Suppose 14*a - 3*a = 781. List the prime factors of a.
71
Let b(x) = 8*x - 44. Let g be b(6). Suppose -2*z + 291 = 3*n - 0, 0 = -2*z - g*n + 294. List the prime factors of z.
3, 47
Suppose -4*i - 7 = -5*i. Let j = i - 11. List the prime factors of (32 + (-2 - j))/2.
17
Let h(f) = -402*f + 3. What are the prime factors of h(-4)?
3, 179
Suppose -4*c = -2*z + 54, 16*c = 11*c + z - 63. Let b(h) = -13*h - 14. List the prime factors of b(c).
2, 71
Let l(g) = -13*g**3 + 2*g + 1. Let a be l(-1). Let s be (75/6 - 0)*16/10. Let i = s - a. What are the prime factors of i?
2
Let k = -81 - -43. Suppose 2 = -p + 2*p. List the prime factors of 1*(-1)/p*k.
19
Suppose -35 = 2*r + 5*n, 5*r - 2*n = -9 - 35. Let v be (-2 + 32/r)*-10. Suppose 2*h = -4*c + v - 16, h + 6 = 4*c. What are the prime factors of h?
2, 5
Suppose -25*z = 4*z - 77749. What are the prime factors of z?
7, 383
Let f be ((-765)/(-20))/(1/(-4)). What are the prime factors of (f/(-5) - -1)/((-20)/(-50))?
79
Suppose 0*n - 10 = -5*l - 4*n, -2*l + 4 = 2*n. Suppose l*q - 25 - 31 = 0. List the prime factors of q.
2, 7
Suppose 6*x = -2*h + 7*x + 946, -3*x + 962 = 2*h. What are the prime factors of h?
5, 19
Suppose 31*h = -3701 + 38700. List the prime factors of h.
1129
Let k(d) = d**2 + 20*d + 9. Let l be k(-23). Let a = l - 25. What are the prime factors of a?
53
Let g(q) = -q**2 + 4*q - 1. Let j be g(4). Let u be (-8)/(-2)*(3 + j). Suppose 0 = -2*x + 92 - u. List the prime factors of x.
2, 3, 7
Suppose -y - y - 70 = 0. Let x = 6 - y. List the prime factors of (-8)/(-4) + x*1.
43
Let j be 8/6 + 196/42. What are the prime factors of 220/j - 2/(-6)?
37
Let w(z) = -z**3 - z**2 + 6*z - 10. Let f be w(4). Let d = -27 - -15. Let i = d - f. What are the prime factors of i?
2, 3
Let b(m) = 8*m - 29. Let w(f) = -1. Let i(z) = b(z) + 2*w(z). List the prime factors of i(26).
3, 59
Suppose -3*n + 25 + 20 = 0. Suppose 5*z + n = 10*z. List the prime factors of 429/18 + z/18.
2, 3
Let c(s) = -s**3 - 4*s**2 + 4*s - 5. Let k = -9 - -4. Let a be c(k). Suppose a = 4*t + 16, 3*x - 29 - 29 = t. List the prime factors of x.
2, 3
Let c(f) = 2*f**2 - 7*f + 4. Let v be c(4). Let t = v + -4. Suppose -76 = -4*i + t*o, -18 = -2*i - 3*o + 40. List the prime factors of i.
23
List the prime factors of 3/(27/6)*(-2 + 143).
2, 47
Let s = 30 - 24. Suppose 0 = 2*p + 6, s*k - 42 = 3*k - 2*p. List the prime factors of k.
2
Suppose 20*t - 4508 = 16*t. What are the prime factors of t?
7, 23
Suppose 5*m - 9730 = -980. What are the prime factors of m?
2, 5, 7
Let n(f) = -7*f + 4. Let t(s) = 7*s - 5. Let w(l) = 5*n(l) + 4*t(l). List the prime factors of w(-20).
2, 5, 7
Suppose 4*i - 5*i + 21 = 0. Let y be 1 + 0 - (i - 2). List the prime factors of 6/y - 44/(-6).
7
Let s be (-63)/45 + (-6)/10. Let n be s/(-4)*-6 - -14. Suppose 0 = 10*b - n*b + 19. List the prime factors of b.
19
Suppose 4*w - 4 = -l, w = -5*l + 70 + 45. Suppose -p = -4*r - 3*p - 48, -3*p - 2 = r. Let h = r + l. What are the prime factors of h?
2, 5
Let k = -49 - -40. Let c(r) = r**2 - 3*r - 13. List the prime factors of c(k).
5, 19
Suppose 3*y - 10*h + 6*h = 217, -2*y = -4*h - 146. List the prime factors of y.
71
Let v(c) = c**2 - 2*c - 4. Suppose -2*m = -m - 4. Let j be v(m). Suppose -r = 1 - j. List the prime factors of r.
3
Let h = 52 - 49. Suppose 3*w = -h*m + w + 86, 4*m + 4*w - 120 = 0. What are the prime factors of m?
2, 13
Let m(r) = -r**3 - 4*r**2 + 10*r - 1. Suppose 3*i = -31 + 13. What are the prime factors of m(i)?
11
What are the prime factors of ((-4)/6)/(-2) + (-3700480)/(-1176)?
3, 1049
Let y = -13 - -33. Suppose y*m = 22*m. What are the prime factors of 6 - (-1 + m)*-3?
3
Let u = 383 - 335. Let q = 109 + -78. Let a = q + u. What are the prime factors of a?
79
Let i = -1 + -2. Let b = i - -8. Suppose -u = b*r - 121, u + 36 + 68 = 4*r. What are the prime factors of r?
5
Suppose u + 35 = 17. List the prime factors of u/12*284/(-6).
71
Suppose -8*y + 19*y - 583 = 0. Suppose -804 = y*v - 59*v. What are the prime factors of v?
2, 67
Let d(t) = 5 - 17 + 0*t - t - t. Let v be d(-13). Let r(z) = z**2 - 14*z + 8. List the prime factors of r(v).
2
Let k(g) = 5*g**2 + 4*g - 4. Let b be k(1). Suppose 2*c + 10*j - 9*j = 501, -b*c + 1257 = 4*j. What are the prime factors of c?
3, 83
Suppose 732 + 48 = 5*r. Suppose 4*p + 4*n - r = 0, -n - 136 = -4*p - 0*n. List the prime factors of p.
5, 7
Let s be (0/1)/((-3)/(-1 + 4)). What are the prime factors of 94 + -1 - (4 - s)?
89
Suppose -18*v = 1843 - 19411. What are the prime factors of v?
2, 61
Suppose 0 = i + 3*f - 497, 2*i - f = i + 493. List the prime factors of i.
2, 13, 19
List the prime factors of 2872/18 - 28/(-63).
2, 5
Suppose 14*s - 19916 = -7484. What are the prime factors of s?
2, 3, 37
What are the prime factors of -4*18/(-32)*12*2?
2, 3
List the prime factors of (-52)/3*(-87 - 6).
2, 13, 31
Let i(g) = g**3 + 6*g**2 + 2*g - 10. Let o be i(-5). Suppose -2*s - 360 = -o*s. Let z = -67 + s. List the prime factors of z.
53
What are the prime factors of (-4)/(-7) + 169920/168?
2, 11, 23
Let x = -10 - 15. Suppose 0 = 2*f + 3*q - 81, -5*f + 5*q + 113 = -52. Let p = x + f. List the prime factors of p.
11
Let b be 3/(-12) - (-1)/4. Suppose b = 3*c + 4 - 13. Suppose c*v = -m + 30, 5*m - m - 48 = -4*v. List the prime factors of v.
3
Suppose 4*l - l = -4*k + 4, -5*k - 10 = 0. List the prime factors of 213/5 - (8/(-5))/l.
43
Suppose -d + 23 = 4*h, -d - h + 13 = h. Suppose -2*x - d*j + 110 = 0, -x = -j - 0*j - 45. What are the prime factors of x?
7
Let d(v) = 2607*v - 79. What are the prime factors of d(1)?
2, 79
Let g = 1033 + 177. List the prime factors of g.
2, 5, 11
Let k(d) = -18*d + 16. Let h be k(9). Let t = h + 378. List the prime factors of t.
2, 29
Let j = 339 + -188. Let w = j + -103. Suppose 3*d + 3*h = w, -3*d + 3*h + 30 = -0*d. What are the prime factors of d?
13
Let o = -678 - -1286. What are the prime factors of o?
2, 19
Suppose -88*c - 99 = -97*c. What are the prime factors of c?
11
Suppose -5*m - 6748 - 6741 = -4*n, 0 = 4*n + 3*m - 13481. What are the prime factors of n?
3371
Suppose -1376 = -2*v + 5*n, 4*v + 34*n = 37*n + 2780. List the prime factors of v.
2, 349
Let l(r) = 9*r**2 + 1. Let i be (-2)/4*18/9. Let c be l(i). Let x = 21 - c. List the prime factors of x.
11
List the prime factors of -6 + (-11)/((-77)/11585).
17, 97
Let m = -61 + 28. Let h = m + 72. What are the prime factors of h?
3, 13
Let j(i) = -2*i + 2. Let t be j(0). Suppose 0 = -t*x + 3*x - 41. Suppose 3*q - q + 13 = u, 3*u - 4*q = x. What are the prime factors of u?
3, 5
Let n = 247 + -169. List the prime factors of n.
2, 3, 13
Let o(b) = b + 6. Let g be o(0). Let i = 1 + g. Suppose 0 = -3*c + i*c - 72. List the prime factors of c.
2, 3
Let l(t) = -t**3 + 11*t + 10. Let w be l(-7). Suppose 29 - 317 = -4*c - v, -2*v - w = -4*c. List the prime factors of c.
